ase 11, what is -5a00 + 3a336?
34436
In base 6, what is -3055 - -405405?
402310
In base 4, what is -13313 - 1111012?
-1130331
In base 13, what is 7771c + -414?
77308
In base 13, what is 10b439 - -6?
10b442
In base 8, what is -7251 + -11127?
-20400
In base 6, what is -2334445224 - -5?
-2334445215
In base 7, what is 0 + 126350622?
126350622
In base 2, what is -110001000110001000100001 + 11?
-110001000110001000011110
In base 7, what is 5534603 - 12?
5534561
In base 6, what is 5 - -31243213?
31243222
In base 9, what is -31 + 8087181?
8087150
In base 15, what is -45d + 9130?
8bc2
In base 14, what is 26 - -a470c?
a4734
In base 4, what is -1032 + 3200202022?
3200200330
In base 5, what is -11440 + 2202230?
2140240
In base 12, what is 27894 - -1430?
29104
In base 12, what is a4840 + 3?
a4843
In base 3, what is 10200020 + -102020112?
-21120022
In base 2, what is -11110100110110010001000 + 11?
-11110100110110010000101
In base 15, what is 2adb4 - -2e6?
2b1aa
In base 10, what is 256078 - 102?
255976
In base 6, what is -3314332353 + 0?
-3314332353
In base 4, what is 332132 + 103232?
1102030
In base 10, what is -52491 - 389?
-52880
In base 2, what is 1000011111100111 + -110110110100101?
1101001000010
In base 14, what is -2055 + -27c20?
-29c75
In base 5, what is 123032 + -213034?
-40002
In base 2, what is -1001010001010110100 - 101110?
-1001010001011100010
In base 9, what is -716251 + -45?
-716306
In base 3, what is -22002122010 + -1101?
-22002200111
In base 15, what is 327 + -1404d?
-13c26
In base 3, what is -10200111 + 102000100?
21022212
In base 2, what is 10 - 11000011010011010111010110?
-11000011010011010111010100
In base 9, what is 4 + -460683140?
-460683135
In base 3, what is 211021 - -222102012000?
222110000021
In base 12, what is -430 + 35145?
34915
In base 10, what is 86440331 + -5?
86440326
In base 4, what is 10 + 3133313330?
3133320000
In base 11, what is 35a4693 - 5?
35a4689
In base 10, what is 6868 + 1052?
7920
In base 7, what is -26 + -6262336?
-6262365
In base 10, what is -317 + 2586243?
2585926
In base 11, what is -50631 + 1859?
-49883
In base 4, what is 13021 - 11201332212?
-11201313131
In base 9, what is 2413835 + 18?
2413854
In base 13, what is -2907124a - 2?
-2907124c
In base 3, what is 21021120020 - -10102?
21021200122
In base 15, what is 2408767 + -4?
2408763
In base 5, what is -11114214000 - -11?
-11114213434
In base 14, what is -818a6 + -39?
-81901
In base 3, what is -1021121211200100 - -221?
-1021121211122102
In base 9, what is -43 - 1283066?
-1283120
In base 15, what is -4 - -d07d71?
d07d6c
In base 14, what is -2 + -146a88?
-146a8a
In base 10, what is 1828 - 48951?
-47123
In base 11, what is -4162941 - 18?
-4162959
In base 5, what is 4230202 - -2020?
4232222
In base 16, what is e - 2cbbad3?
-2cbbac5
In base 8, what is 5643475 - 43?
5643432
In base 6, what is 2010215253 + 10?
2010215303
In base 9, what is 0 + 5030323?
5030323
In base 11, what is -2818a979a + 2?
-2818a9798
In base 15, what is 35 + b0?
e5
In base 7, what is -65000 - 660?
-65660
In base 3, what is 102122202 - -12002101102?
12112001011
In base 2, what is 11010011111110 + -11100100110?
10110111011000
In base 15, what is 131dc - 8c0?
1281c
In base 7, what is -35106 + 3615?
-31161
In base 9, what is -45646037 + 3?
-45646034
In base 6, what is -1000304 - 313?
-1001021
In base 3, what is 102 + 11011102012110221?
11011102012111100
In base 4, what is 20003203003203 + -10?
20003203003133
In base 8, what is 4352 - 1774?
2356
In base 7, what is 1661 - 41500?
-36506
In base 9, what is 156131 + -3265?
152755
In base 6, what is -3544422114 + -1?
-3544422115
In base 7, what is 52504 + 13102?
65606
In base 16, what is 234bb2 + -5?
234bad
In base 11, what is 1987218 + -1?
1987217
In base 10, what is 190822 - -5529?
196351
In base 3, what is -1020 + 211021011020?
211021010000
In base 16, what is 3a27e4 + 7?
3a27eb
In base 11, what is -6a0782 + 6?
-6a0777
In base 16, what is 10 - -a9d41b?
a9d42b
In base 16, what is 6bd70 + 2a?
6bd9a
In base 2, what is 10000011001010000111001110 + 11?
10000011001010000111010001
In base 3, what is -122021 + -201201021212?
-201201221010
In base 9, what is 8182 + 3814?
13106
In base 15, what is -ec681cd - 0?
-ec681cd
In base 6, what is -4452535 - 22355?
-4515334
In base 10, what is 0 - -62047517?
62047517
In base 3, what is -102 + 220220220211?
220220220102
In base 2, what is -11111000100100 + 101101010011?
-11001011010001
In base 10, what is -13828 - -26385?
12557
In base 15, what is -1d + 58716?
586e8
In base 7, what is 6204452 - -12?
6204464
In base 11, what is -925a2 - 1205?
-937a7
In base 6, what is -111155224 + -225?
-111155453
In base 7, what is 50055441 + 242?
50056013
In base 15, what is -1dac6b + 9?
-1dac62
In base 10, what is -43983159 - 2?
-43983161
In base 11, what is 5 + 66739145?
6673914a
In base 2, what is -11 + 110001111000011110111111111?
110001111000011110111111100
In base 15, what is 0 + 29620e?
29620e
In base 11, what is -514147 + 0?
-514147
In base 8, what is -157 - -11653500?
11653321
In base 6, what is 102133513 + -11?
102133502
In base 5, what is -114 - 11442040?
-11442204
In base 12, what is 1 + -586525b?
-586525a
In base 8, what is 42013425 - 4?
42013421
In base 3, what is 1002121001100022 + -2010?
1002121001021012
In base 13, what is c3924c - 0?
c3924c
In base 4, what is -3221102221 - -121?
-3221102100
In base 15, what is -97 - 66bc60?
-66bd07
In base 15, what is 80b557 - 4?
80b553
In base 5, what is -342422422 - 0?
-342422422
In base 2, what is 10011010011111001 + -100100?
10011010011010101
In base 8, what is -1 + -4420723?
-4420724
In base 13, what is 0 - b14634?
-b14634
In base 13, what is 4316b - 91a?
42551
In base 6, what is -1233 - -430545?
425312
In base 11, what is -63 - 66727?
-6678a
In base 16, what is -10 - 18026a9?
-18026b9
In base 15, what is -4 - 1058ee?
-105903
In base 4, what is 1333111112 - 10323?
1333100123
In base 16, what is c07fe5e - -2?
c07fe60
In base 13, what is -478132 - 1?
-478133
In base 9, what is 3 + -432882?
-432878
In base 14, what is -a - 1613d68?
-1613d74
In base 4, what is -3313031 - -2303113?
-1003312
In base 7, what is 31141062 - 52?
31141010
In base 9, what is -18863085 + 1?
-18863084
In base 15, what is -2 - 9918c18?
-9918c1a
In base 4, what is -13131003130 + -23?
-13131003213
In base 6, what is -232225400 + -11?
-232225411
In base 11, what is 1179158 - -7?
1179164
In base 5, what is 2110320133 - 331?
2110314302
In base 13, what is 433 + 48c8?
502b
In base 12, what is 394750 - -2?
394752
In base 4, what is -31120 - 223232?
-321012
In base 15, what is 1ba + 4e0?
6aa
In base 3, what is 20 + -11121222020201011?
-11121222020200221
In base 14, what is -18b8933 + 6?
-18b892b
In base 2, what is -11001011 + 1110001011011101?
1110001000010010
In base 7, what is -356511 - 221?
-360032
In base 4, what is 22101033132 + -323?
22101032203
In base 4, what is 20323131 + 301?
20330032
In base 10, what is 11656 + -407?
11249
In base 5, what is 423 + -412201?
-411223
In base 16, what is 4f - b3a3?
-b354
In base 16, what is 1f5ec + -275?
1f377
In base 15, what is -b3b5e2 - -1?
-b3b5e1
In base 6, what is -154101153 + -4?
-154101201
In base 15, what is ad8988 - 68?
ad8920
In base 5, what is 1332 + -42144214?
-42142332
In base 5, what is -31240 + 412234?
330444
In base 14, what is -46 - -1d60576?
1d60530
In base 12, what is -61 - 295804?
-295865
In base 5, what is 1042313443 - 31?
1042313412
In base 10, what is 437 - 171712?
-171275
In base 12, what is 21 - 101aa4?
-101a83
In base 12, what is -56 - 26a6052?
-26a60a8
In base 10, what is -5 + 18350603?
18350598
In base 8, what is 7253 - 14674?
-5421
In base 14, what is 4 + -1c14496?
-1c14492
In base 15, what is -2c - 1d46c?
-1d499
In base 6, what is -42 + 24542134?
24542052
In base 5, what is -203220 + 122?
-203043
In base 3, what is -222101122 + -110010?
-222211202
In base 2, what is -11101000011011000110000 + -110?
-11101000011011000110110
In base 10, what is 436 + 18947?
19383
In base 8, what is 2 - 27673541?
-27673537
In base 13, what is 3b + -3101c4?
-310186
In base 3, what is -2 + -102022001211121122?
-102022001211121201
In base 11, what is -5 + 18948253?
18948249
In base 16, what is 9b435 - 10?
9b425
In base 15, what is 29e + 5b9?
868
In base 11, what is -3